3 + 3*c. Let m be 6/15 + 8/5. Give h(m).
-1
Suppose 4*r + 12 = -0*r. Let q(o) = -5 - 2 + 3 - 2*o + 1. Give q(r).
3
Let y(d) be the third derivative of d**3 + 2*d**2 + 1/12*d**4 + 0*d + 0 + 1/120*d**6 + 1/15*d**5. Suppose -16 = 2*q + 2*v - 6*v, -q - 10 = -3*v. What is y(q)?
-2
Let n be (-4)/(1 - -3)*7. Let y(w) = w**2 + 3*w + 4*w - 1 + 6 - 2. Determine y(n).
3
Let m(z) = -z + 10. Let c be m(5). Let x(v) = -c + 5 - 2 + v. Let b(a) = 3*a**3 + a**2 + a + 1. Let h be b(-1). Determine x(h).
-4
Let a(u) = -2*u + 1. Let g(w) = -w**2 + 8*w - 4. Suppose 0 = -2*o + 2 + 12. Let p be g(o). Give a(p).
-5
Suppose 2*x + 2 = -0. Let g(a) = -3*a**3 - 2*a**2 - a. Determine g(x).
2
Let w(a) be the second derivative of -1/6*a**3 + 0*a**2 - 1/40*a**5 - a + 0 + 0*a**4 - 1/120*a**6. Let g(c) be the second derivative of w(c). Calculate g(-2).
-6
Let g(k) = 8*k**3 + 6*k**3 - 5*k**3. Calculate g(-1).
-9
Let x(c) = 3*c + 2*c + c**3 + c**2 - 3*c. Give x(-2).
-8
Let s = 27 - 22. Let b(n) = -n**3 + 6*n**2 - 8*n + 6. What is b(s)?
-9
Let o(z) = 2*z**2 - 66 - z + 33 + 33. Suppose 0 = -b - 0 - 1. What is o(b)?
3
Let w(p) = p**2 - 1 - p - 8*p**3 + 2*p**3 - p**3 + p**3. Calculate w(-1).
7
Let l(t) = 2*t - 4. Let i(q) = -q + 3. Let y(p) = -3*i(p) - 2*l(p). Let v be ((-5)/4)/((-5)/(-20)). Determine y(v).
4
Let p(j) = -j**2 + 1. Let c(r) = -r**3 - 2*r**2 + 2*r - 2. Let d be c(-3). Let i(m) = m**3 + 3*m**2 + m + 3. Let v(b) = d*i(b) - 2*p(b). Calculate v(-5).
-4
Let c(u) = -3*u**3 + 3*u**2 - 3*u. Let h be c(2). Let d be ((-1)/2)/(3/h). Let f(x) = x**d - 2*x + x - 4*x**2 + 2 - 2*x. Give f(4).
-10
Let g(q) = q - 3. Let k(c) = c**3 - c**2 - 3*c + 2. Let i be k(2). Let p be (i/1)/(-1 - -4). Calculate g(p).
-3
Let l(y) = -8*y. Let s = 28 + -27. Give l(s).
-8
Let z(n) be the first derivative of n**4/4 - 7*n**3/3 + 5*n**2/2 - 10. Determine z(6).
-6
Let f(h) = -h**2 + 3*h - 2. Let j(r) = r + 6. Let b be j(-4). Suppose 4 - b = 2*q. Let u be (1 - (q + 2))*-1. What is f(u)?
0
Suppose -4*c + 21 = 5. Let j(y) = -y**3 + 3*y**2 + 3*y - 3. Determine j(c).
-7
Suppose 0*t + 3*a = t - 8, -3*t = -4*a - 19. Let l = 4 - t. Let k(g) = g**2 + 2*g**2 - 1 - 2*g**2. What is k(l)?
0
Suppose -10 + 26 = -4*n. Let h(x) = -2*x + 4. Give h(n).
12
Let l(x) = -1. Let m(r) be the second derivative of -r**3/6 - 3*r**2/2 + 9*r. Let d(b) = -5*l(b) + m(b). Determine d(1).
1
Let b(l) = l + 4. Suppose 2*n = -v - n - 6, -5*n - 3 = 4*v. Suppose p = -u + v, 5*u + 0*u = 5. Suppose -9 = 5*w - p*w. Calculate b(w).
1
Let w(o) = 3*o. Let i(a) = a - 1. Let j(v) = -4*i(v) + 2*w(v). Give j(4).
12
Let d be (3/2)/(6/(-8)). Let c(o) be the first derivative of 5*o**2/2 + 2*o + 58. Give c(d).
-8
Let i(a) = 2*a + 2 + 5*a - a**2 + 1 + 6. Calculate i(7).
9
Let v = -1 - -2. Suppose v = -4*u + 5. Suppose u - 3 = c. Let s(t) = t**3 - 2*t - 1. Determine s(c).
-5
Let r(c) = -6*c**2 - 21. Let v(p) = -3*p**2 - 3*p**2 + 7*p**2 + 4. Let k(n) = -2*r(n) - 11*v(n). Give k(0).
-2
Let i be 0 + 3 + (-12)/(-6). Suppose 5*w = -2*f + 7*f + 15, 0 = -2*f + i*w - 21. Let g(z) = z - 2*z**2 - 3*z**f + 0*z. What is g(-1)?
-6
Let r = 9 - 9. Let z be (40/4)/(2 + r). Let p be z/(-3) - (-2)/3. Let u(g) = 8*g - 1. What is u(p)?
-9
Let n be (-5)/(-1)*2/(-5). Let j(x) = 12*x + 10. Let c(g) = g + 1. Suppose 1 = -3*d + 4*d. Let w(a) = d*j(a) - 10*c(a). Give w(n).
-4
Let h(r) = r**3 + 9*r**2 - r - 12. Let j be h(-9). Let b be (j - (1 - -1))/(-1). Let m(w) = w**3 - 6 + 5*w**2 - 2*w**3 + 0. Calculate m(b).
-6
Let a = 10 + -9. Let t(j) be the first derivative of -5*j**3/3 - j**2/2 + j - 4. What is t(a)?
-5
Let c(a) be the third derivative of -a**5/60 - a**4/6 - a**3/2 + a**2. Let r be c(-4). Let k(l) = 3*l + 4. What is k(r)?
-5
Let w(o) = 3*o**3 - 8*o**2 + 8*o + 3. Let y(z) be the first derivative of -z**4/2 + 7*z**3/3 - 4*z**2 - 4*z - 2. Let r(v) = 3*w(v) + 4*y(v). What is r(-5)?
8
Let j(p) = 4*p**3 + p. Let v be j(-1). Let l(o) be the third derivative of -o**5/60 - 5*o**4/24 + o**3/2 - o**2. Determine l(v).
3
Let v(k) = 3 + 6*k + k - 3*k + k**2 + 3. Let d be (-3)/(-2 + (-5)/(-4)). Suppose -4 = -2*m - d*j - 0, 0 = -4*j + 12. What is v(m)?
6
Let b(o) = -o**3 + 5*o**2 + o - 5. Let u(r) = -r**3 + 5*r**2 + 2*r - 6. Let l(i) = -5*b(i) + 4*u(i). Calculate l(3).
-8
Let o(x) = x**2 + x - 1. Suppose -3*y - 6 = 3. Let a be 0 + -3 - 4/(-2). Let v be a/y*(-1 - -1). Determine o(v).
-1
Suppose -8 = -3*k + 2*r + 6, -4*r - 4 = 0. Suppose 2 = -2*n - 3*d, -k*n - 18 = d - 2*d. Let b(t) = -t + 1. Determine b(n).
5
Suppose 3*m - 2*m - 4*c = -10, -c - 3 = -3*m. Let w(d) = 5*d + 2*d - 3*d - 1 - 1. Calculate w(m).
6
Let l(u) = -17*u + 3. Let c(f) = 6*f - 1. Let b(h) = -11*c(h) - 4*l(h). Let y = -40 - -57. Suppose 4*o = s + 22, -2*s - 12 = -5*o + y. Calculate b(o).
9
Let n(t) = -5*t + 3 + 0 + t**2 - 2 + 11*t. Calculate n(-7).
8
Let o be 0*(2/(-3) - -1). Let s(n) be the second derivative of n**5/20 - n**4/12 - n**3/6 - 13*n**2/2 - 6*n. What is s(o)?
-13
Let g(o) = o**2 - o + 1. Let f(d) = d**3 - d**2 - 4*d + 10. Let z(k) = -f(k) + 4*g(k). Let t(h) = h**2 + h - 1. Let y be t(-3). Give z(y).
-6
Let u be (-1 + 0)*(8 - 2). Let f = u + 7. Let a(w) = -8*w**2 - w + 1. Calculate a(f).
-8
Let q(v) = -v**3 - 7. Let f be q(0). Let x(p) = -p**2 - 7*p + 8. What is x(f)?
8
Let u(t) = 4*t**2 + t**3 + 0*t - 3*t - 4 + 0*t**3. Let g = -44 + 40. Calculate u(g).
8
Let f(g) = g - 6. Let b(m) = -5 + 1 + 3. Let o(p) = -2*b(p) + f(p). Give o(4).
0
Let u(i) = i**3 - 8*i**2 - 9*i. Let o be u(9). Let f be (o/(-3) + -2)*-1. Let s(d) = 4*d**2 + d**2 - 6*d**2 + 3 - 2*d - f*d. Determine s(-3).
6
Let g(h) = 8*h**3 - 26*h**2 - 21*h - 29. Let l(y) = -3*y**3 + 9*y**2 + 7*y + 10. Let a(r) = 4*g(r) + 11*l(r). Calculate a(-4).
6
Let v(i) = -5*i**2 + 7*i**2 - 12*i + 2*i**2 + 2 - 15. Let g(r) = r**2 - 3*r - 3. Let m(x) = -9*g(x) + 2*v(x). Give m(3).
1
Suppose -4*t = 3*x - t - 18, 2*t = 2*x. Suppose -20 = -z - x*z. Let k(v) = 1 + 6*v - v**2 + v - 5. What is k(z)?
6
Let c = 24 - 40. Let f = -14 - c. Let d(u) = -u**2 + 2*u**2 + u - 3*u**2. Determine d(f).
-6
Let j(p) = -2*p - 4. Let o(i) = -i**2 + 3*i - 1 - 2*i - 2 - 6*i. Let t be o(-5). What is j(t)?
2
Let j(t) = -t + 3*t - t + 11. Let s be j(-12). Let p(g) = 8*g**2 + 2*g + 1. What is p(s)?
7
Let g = 2 - 6. Let n(r) be the second derivative of -r**4/12 - r**3/2 + 2*r**2 - 9*r. Determine n(g).
0
Let g(o) = -o - 6. Let a be -1 - (-1)/((-3)/9). What is g(a)?
-2
Let t(b) be the first derivative of b**4/4 + 5*b**3/3 - 5*b**2/2 + 6*b - 3. Calculate t(-6).
0
Let w(u) = u**3 + 2*u**2 - 3*u - 1. Let p = 14 + -9. Suppose y - p*y = g + 16, 0 = 2*y + 5*g + 26. What is w(y)?
-1
Let a(l) = -25*l**3 - 2*l**2 + 3*l - 9. Let w = 3 - 10. Let y(g) = 13*g**3 + g**2 - 2*g + 5. Let q(r) = w*y(r) - 4*a(r). Determine q(-1).
-9
Let k(r) = 6*r - 1. Suppose -4*t + 4*c = -6 - 6, 13 = 4*t - 5*c. Let l be 30/(-12) - t/(-4). What is k(l)?
-13
Let w = -65 + 65. Let j(x) = x**2 + 5. Calculate j(w).
5
Let p(c) = 3*c - 3*c + 0*c + c - 5. Let t = 2 + -2. Determine p(t).
-5
Let s(f) = -f**2 - f + 9. Let b(l) = l**2 + 3*l + 2. Let z be (-4)/10*(1 - -4). Let t be b(z). Suppose 0 = -t*n + n. Determine s(n).
9
Let y(p) = -p**2 + 5*p - 4. Let m(f) = 2*f**3 - f**2 + 1. Let o be m(-1). Let x = o - -10. Let k = -3 + x. Give y(k).
-4
Suppose 0 = -4*v - v - 80. Let x = -8 - v. Let j = 10 - x. Let b(t) = -t**2 + 4*t + 1. Determine b(j).
5
Let o(n) = n**2 + n + 1. Let d(z) = -z**3 + 15*z**2 + 17*z. Let u(s) = d(s) - 6*o(s). Give u(10).
4
Let m(c) = -7*c - 4*c**2 - 8*c**2 + 1 + 4 + 13*c**2 + 1. Let t be 4/6 + (-30)/(-9). Calculate m(t).
-6
Suppose 2*l + 2*l + 5*n - 1 = 0, -3*l + 3*n = 33. Let y(w) = 2*w + 4. Calculate y(l).
-8
Let n(v) = 2*v - 16. Let t(m) = -3*m + 16. Let h(y) = -4*n(y) - 3*t(y). Calculate h(-11).
5
Let k(w) = w**3 + 2*w**2 - 3*w + 4. Let a be 5/(-15) - 19/(-3). Suppose 2*j - a = 4*j. Calculate k(j).
4
Suppose -y = y - 6. Let b(p) = 2*p**3 - 5*p**2 + 3*p - 4. Let c be b(y). Let j be 4/14 - 46/c. Let a(i) = -i - 1. What is a(j)?
2
Let v(j) = -j**3 + j**2 - j + 1. Let b(n) = 2*n**3 + 3*n. Let a(r) = -b(r) - 3*v(r). What is a(3)?
-3
Let o(z) = z - 20. Let c be o(15). Let n(x) = x**2 + 2*x - 6. Calculate n(c).
9
Let k(o) = 3*o**2 + 3*o - 2. Let c(l) = 6*l**2 + 7*l - 4. Suppose 0 = -0*w - 5*w + 10. Let f(g) = w*c(g) - 5*k(g).